5. Let x be u(-2). Let b = -460 - x. List the prime factors of b.
353
Let n(b) = -b + 21. Let w(z) = -z. Let o(r) = n(r) + w(r). Let g be o(3). List the prime factors of 0 + ((-1784)/(-20) - 3/g).
89
Suppose 6*h - 6527 + 779 = 0. Let z = -169 + h. What are the prime factors of z?
3, 263
Suppose 0 = -2*l - 0 + 8. Suppose -3*p - l = -4*v, -p - 3*p + 12 = -v. Suppose p*q + 295 = 9*q. List the prime factors of q.
59
Suppose -502 - 1010 = 6*x. Suppose 8*o = 26*o - 180. List the prime factors of (x/45)/((-1)/o).
2, 7
Let n be -1 + -2 - (4 - -20). What are the prime factors of (38766/117)/(21/n + 1)?
3, 7, 71
Suppose 24535 = 54*b - 19*b. Suppose 2*n + p - b - 1353 = 0, -3*p = 4*n - 4106. What are the prime factors of n?
2, 257
Let q(w) = 3*w**3 - w**2 + 40*w + 24327. List the prime factors of q(0).
3, 17, 53
Let l(o) = -o**2 - 2*o - 2. Let i be l(-3). Let n be (2*1/2)/(-22 + 23). List the prime factors of (-4 + n - -5) + i - -41.
2, 19
List the prime factors of 6/30*-205*-196.
2, 7, 41
Let k(h) = 5*h. Let z(g) = g - 1. Let b(m) = -2*k(m) + 6*z(m). Let o be b(-3). Suppose 0 = 3*s + o*s - 1071. What are the prime factors of s?
7, 17
Suppose 19*v + 23756 = 132398. List the prime factors of v.
2, 3, 953
List the prime factors of (-1 - 0)/((1/(-3954))/(32/6)).
2, 659
Let f(r) = -2*r**2 - 26*r - 3. Let x be f(-12). Let a(l) = 7*l + 14. List the prime factors of a(x).
7, 23
Let q(c) = -10888*c**3 - 14*c - 5. List the prime factors of q(-2).
151, 577
Suppose -3*l - 4*k - 989 = 0, -4*l - 4*k - 319 = -3*l. Suppose -5*o + 2962 = -w, 4*w = -o - 0*w + 584. Let b = o + l. What are the prime factors of b?
257
Let x(c) = 148*c**2 + 274*c - 25. List the prime factors of x(-12).
41, 439
Let y = 4107 + 5353. What are the prime factors of y?
2, 5, 11, 43
Suppose 0 = -86*n + 3095720 + 2617054 - 1113924. What are the prime factors of n?
3, 5, 23, 31
Let x = 8 + -12. Let h(r) = 30*r + 140. Let u be h(-5). What are the prime factors of 53 + (u - 2)/x?
2, 7
Suppose 2*z - 8 = -5*j + 243, -387 = -3*z - 4*j. Let w = 0 + 1. Let n = w + z. List the prime factors of n.
2, 67
Let i be ((-8)/6 + 1)*(2 + -95). Let a = -28 + i. Suppose -p - a*u + 256 - 99 = 0, -5*u + 745 = 5*p. What are the prime factors of p?
5, 29
Let o(z) = z**3 + 27*z**2 - 27*z + 17. Let c be o(-28). List the prime factors of (c - -5)*1 - -173.
167
Suppose 0 = -4*n + p + 100, 0 = n + 4*n - 2*p - 125. Suppose 2*r - 2*o - 231 = 641, 0 = 5*o + n. List the prime factors of r.
431
Suppose -2*r = -5*r + p + 4, 10 = 2*p. Suppose 1308 = 4*h + h - r*w, 4*h - 3*w = 1044. List the prime factors of h.
2, 3, 11
Suppose -3*i - 23407 = -5*g, 5*g + 6*i = 3*i + 23413. List the prime factors of g.
2, 2341
Let x(k) be the second derivative of k**4/6 + 13*k**3/6 + 7*k**2/2 + 67*k. What are the prime factors of x(13)?
2, 257
Suppose -153 = 237*a - 240*a. Let r = 404 - a. List the prime factors of r.
353
Let z(g) = g**2 - 15*g - 4. Let m be z(17). Let u(y) = -8*y**2 + m*y**2 - 6*y**2 - 26*y - 9 - y**3. List the prime factors of u(12).
3, 5, 17
Let z(g) = 237*g + 139. Let h(p) = -78*p - 47. Let k(i) = 17*h(i) + 6*z(i). List the prime factors of k(2).
227
Suppose 6*p - 24*p = -54. What are the prime factors of -1557*p*14/(-189)?
2, 173
Suppose 57*m - 825 = 52*m. Let t = m + 43. List the prime factors of t.
2, 13
Suppose 3*g + 10 = 8*g. Let l be -3*1/g*-6. List the prime factors of (3330/4)/l - (-6)/(-4).
7, 13
Suppose -3648 - 2093 = -2*r - 3*y, y + 8584 = 3*r. Let i = 4486 - r. List the prime factors of i.
3, 541
Suppose 0 = -17*c + 16*c - 4*k + 14646, 2*k + 43868 = 3*c. List the prime factors of c.
2, 71, 103
Let n = -30126 + 50895. List the prime factors of n.
3, 7, 23, 43
Suppose -25*w = 7*w + 8928. Let j = w - -281. What are the prime factors of j?
2
What are the prime factors of (42 + 368)*(-9445)/(-50)?
41, 1889
Let u = 11 - 28. Let c(q) = q - 5. Let f be c(10). Let i = f - u. What are the prime factors of i?
2, 11
List the prime factors of (-32986)/(-10) + (-22)/495*-9.
3299
Let g be (-82)/(-369) + (-2)/(-18)*1123. Suppose g = m - 7*p + 4*p, -4*m + 545 = -3*p. List the prime factors of m.
2, 5, 7
Let x(m) be the second derivative of -m**5/20 - m**4 + 6*m**3 - 33*m**2/2 + 12*m + 2. What are the prime factors of x(-16)?
5, 83
Suppose -h - q = -4534, 616*q - 9062 = -2*h + 615*q. List the prime factors of h.
2, 283
Suppose 32 = -7*h - 122. Let d(o) = -15*o + 77. List the prime factors of d(h).
11, 37
Suppose 3*s - 42318 = 3*y, 0 = -8*s + 11*s - 5*y - 42318. List the prime factors of s.
2, 3, 2351
Let d(s) = -14753*s**3 - 15*s**2 - 7*s + 7. What are the prime factors of d(-1)?
2, 461
Let o be (48/144)/(((-4)/(-2))/(-78)). Let q(c) = -3*c + 104. List the prime factors of q(o).
11, 13
Suppose 3*s - 8 = 4. Suppose -s*a = 2*y - 596, -2*a - 118 - 784 = -3*y. List the prime factors of y.
2, 3, 5
Suppose 208 = 3*u + u. Suppose 0 = 3*o - u + 211. Let g = 79 - o. What are the prime factors of g?
2, 3, 11
Suppose 4*g - 13*g = -360. Let l be 5/(g/(-36))*-6. Let k = l - 7. What are the prime factors of k?
2, 5
Suppose 3*o = 5*q + 13, 0 = -o - 2*q - q + 9. List the prime factors of (-15)/(-2)*(o - (-1752)/18).
5, 31
Let x(y) = 21*y**2 + 43*y - 188. List the prime factors of x(16).
2, 13, 113
Suppose 4*w - 3*x = 5287, -21*w = -19*w - 2*x - 2644. What are the prime factors of w?
1321
Suppose -5*x + 453 = -3*a - 1318, -a + 704 = 2*x. Suppose 0 = 5*h + r - 1787, -h + 3*r = r - x. List the prime factors of h.
3, 7, 17
Suppose 8282 = m - 7. What are the prime factors of m?
3, 307
Let f = 8041 - 2438. List the prime factors of (f/(-39))/(2/(-6)).
431
Let l(x) = -36*x + 157. List the prime factors of l(-99).
61
Suppose 19*o = 4*o + 720. Let w = o + -46. Suppose -5 - 3 = w*q, -2*u - 3*q = -314. What are the prime factors of u?
163
Let c(q) = 2*q + 8. Suppose -2*w - w = 0. Let g(s) = -s**3 + s**2 + s + 21. Let a be g(w). What are the prime factors of c(a)?
2, 5
Suppose -15*a = -57849 - 15831. What are the prime factors of a?
2, 307
Let f = 65 - 58. Suppose -f*w + 18 = -10. Suppose -w*a = -4*g + 524, -2*g + 3*g - 5*a - 115 = 0. List the prime factors of g.
3, 5
Suppose -24*s = z - 19*s - 23, -5*z - 4*s + 220 = 0. Let v = 493 + z. List the prime factors of v.
541
Suppose -9*i + 34*i = 325. Suppose i*l = 14*l - 140. What are the prime factors of l?
2, 5, 7
Suppose 0*g + 11 = g. Suppose -3 + g = w. Suppose 2*k = 48 + w. What are the prime factors of k?
2, 7
Let y(o) = -9686*o - 5209. List the prime factors of y(-4).
5, 19, 353
Suppose -6*g - g + 1106 = 0. Let n = g + -56. Suppose 1 = q - 4*i - 65, 2*i = -2*q + n. What are the prime factors of q?
2, 3
Suppose 3*c - 3*w - 76215 = 0, 28 - 7 = -3*w. What are the prime factors of c?
2, 3, 17, 83
Let c be (-6)/(-2) - (1 + 183)/8. Let r be ((-36)/c)/((-3)/(-20)). What are the prime factors of 914/r + (-8)/48?
2, 19
Let w(b) = 6*b**2 - 8*b + 34. Let v be w(12). Suppose -14*y = -1494 - v. What are the prime factors of y?
2, 41
Suppose -239142 + 85330 = -7*a - 2*f, 4*f = -3*a + 65910. List the prime factors of a.
2, 10987
Suppose 5*x - 25 = 0, 2*l = -2*l - 5*x - 179. Let h = -9 - l. Suppose -46*i = -h*i - 88. List the prime factors of i.
2, 11
Let u(v) = -v**2 + 19*v - 12. Let c be u(19). What are the prime factors of 6/c + 12627/18?
701
Let g(c) = -c**3 - 6*c**2 - 8*c + 3. Let y be g(-4). Suppose -y*z + 4*w + 1113 = 0, -5*z + 877 = 4*w - 978. List the prime factors of z.
7, 53
Suppose -50*b + 43*b - 25544 = -524770. List the prime factors of b.
2, 13, 211
Let x = -186 - -190. List the prime factors of (x + 1148)/2 + 1.
577
Let s = -55 + 50. Let t(i) = -i**3 + 6*i - 5. Let q be t(s). What are the prime factors of -4 - (4 - (-4 + q))?
2, 3, 13
Let f = 8071 + -1954. List the prime factors of f.
3, 2039
Let z = -394 + 772. Let x = 962 - z. What are the prime factors of (-1)/6 + x/48?
2, 3
Let n = 9230 + -5597. List the prime factors of n.
3, 7, 173
Let c be 35 - (-11)/(-22)*(-8)/(-1). What are the prime factors of (-1 - -6) + 9300/c?
5, 61
Suppose -8078*i + 8065*i + 255749 = 0. What are the prime factors of i?
103, 191
Let v(w) = 4*w**2 + 76*w - 41. What are the prime factors of v(-56)?
3, 2749
Suppose n = -2*p + 19668, -n - 45*p + 47*p + 19692 = 0. List the prime factors of n.
2, 3, 5, 41
Let r(d) = -632*d**3 - 21*d**2